3, 7
Let h be (132/2)/3 + -1. Let k be (-1001)/h + 4/6. Let o = -31 - k. What are the prime factors of o?
2
Let p(c) = c**2 - 6*c + 2. Let a be p(6). Suppose 85 = 7*q - a*q. What are the prime factors of q?
17
Let d(i) be the third derivative of i**6/120 - 3*i**5/20 + i**4/3 + 5*i**3/6 + 3*i**2. List the prime factors of d(8).
5
Let c be (4 + -2 + -1)/(-1). Let g = -2 - c. List the prime factors of ((-7)/(-5) + g)*25.
2, 5
Let u(s) = 78*s**2 - 2*s - 2. List the prime factors of u(2).
2, 3, 17
Suppose 4*w - s - 388 = -5*s, -5*w + 479 = 3*s. What are the prime factors of w?
2, 47
Suppose -y - y = -198. What are the prime factors of y/(-6)*24/(-18)?
2, 11
Let y = 2 - 5. What are the prime factors of 7 + (3*-2)/y?
3
Let p be 126/9*(-1 + 2). Suppose -p = -3*g + 46. What are the prime factors of g?
2, 5
What are the prime factors of (24 - 4)*(5 + -4)?
2, 5
Let r = 4 + -2. Suppose 5*w - r*w = 0. List the prime factors of (1 - (-3 - w))*2.
2
What are the prime factors of (16/(-10))/(18/(-1395))?
2, 31
Let s be (-2)/3*(-135)/10. Suppose -s*m - 4 = -5*m. Let c = 10 + m. What are the prime factors of c?
3
Suppose -7*l + 2*l + x + 25 = 0, -l = -4*x - 24. Suppose -34 = -5*y + l*y. List the prime factors of y.
2, 17
Suppose 6*s = 2*s + 8. Suppose 0 = -5*g + s*h + 73, -3*h = -3*g + 3 + 48. What are the prime factors of g?
13
List the prime factors of 188*(2/(-15) + 49/30).
2, 3, 47
Let x = -4 + 4. Suppose x*m - 20 = 4*m. Let v(b) = b**3 + 5*b**2 - b - 2. What are the prime factors of v(m)?
3
Suppose -72 = 4*h - 9*h - 2*t, t + 52 = 3*h. What are the prime factors of h?
2
Let c be (-6)/(-21) - 89/(-7). Suppose -p - 5 - 20 = -b, -3*p + c = b. Suppose 3*z + b = 5*w, 27 = 5*w + 5*z - 3*z. What are the prime factors of w?
5
Suppose -4*n + 1 = -7. What are the prime factors of 4/2 - (-6 + n)?
2, 3
Let g = -8 - -11. Let h be (0/g - 2) + 2. Suppose 0 = -0*f + 5*f + 4*p - 24, 2*f - p - 7 = h. What are the prime factors of f?
2
List the prime factors of 684/42*(0 + 7).
2, 3, 19
Suppose -2209 = -20*m + 4051. List the prime factors of m.
313
Let w = 161 - 95. Let a = w - 30. What are the prime factors of a?
2, 3
Suppose 4*x = s + 193, 2*x - x - 3*s - 51 = 0. Suppose 2*b = -2*b + x. List the prime factors of b.
2, 3
Suppose -d = -0*d - 28. What are the prime factors of d?
2, 7
Let j = -67 - -118. List the prime factors of j.
3, 17
Suppose -2*q + 13 = 5*u - 6, -u = -q - 8. Suppose u*m - 8 = 17. What are the prime factors of m?
5
Let x(u) = 2*u + 1. Let w be x(1). Suppose w*v - 4 - 35 = 0. List the prime factors of v.
13
Suppose -o - 3*u + 8*u = 20, 0 = 2*o - u + 4. Suppose -5*j + 2*c + 5 = -78, o = -5*j + 5*c + 95. List the prime factors of j.
3, 5
Let y(d) = -8*d**2 - d. Let t(b) = -7*b**2 - b - 1. Let g(u) = 4*t(u) - 5*y(u). List the prime factors of g(2).
2, 23
Suppose -813 = -10*z + 967. List the prime factors of z.
2, 89
Suppose g = 5*v + 124, -2*g + 139 + 148 = 3*v. List the prime factors of g.
139
Suppose -2*y = -2*k + 14, y - 11 = -2*k - 0*k. Suppose -4*h + h + k = 0. What are the prime factors of ((-2)/h)/(2/(-12))?
2, 3
Let n = 2 - -2. Suppose -5*w + n*b = -32, -w - 1 = -b - 8. What are the prime factors of w?
2
Let l be (-22)/(-5) - 6/15. Let i be 2/l + 58/(-4). What are the prime factors of i/(-4) - 3/6?
3
Suppose -2*u - 6*u = -80. What are the prime factors of u?
2, 5
List the prime factors of 6/(-14) + (-577)/(-7).
2, 41
Let l = -253 - -386. List the prime factors of l.
7, 19
Suppose 5*c - 18 = -4*a - 3, 3*a = -c + 3. Suppose 2*o - c*o + 19 = 0. List the prime factors of o.
19
Let b(c) = c**2 - c - 1. Let g be b(-3). Let w be (-2)/(-11) - 2/g. Suppose -l + 12 = -w*l. List the prime factors of l.
2, 3
Suppose -7*k + 835 = -2*k - 3*c, -5*k = -4*c - 835. What are the prime factors of k?
167
Suppose -4*g = g - 70. List the prime factors of g.
2, 7
Suppose 90 = -2*u + 7*u. List the prime factors of 3/u*14*9.
3, 7
Suppose 0 = -4*y - 5*s + 50, 5*y - s - 29 = 19. What are the prime factors of y?
2, 5
Suppose 0 = 2*s - 5*x - 5, 2*s + x + 2 = 1. Let l(d) = d**2 + 2. Let w be l(s). Suppose -o = -w*b, -b = o + o - 10. List the prime factors of o.
2
Let p(w) be the third derivative of w**4/6 - w**3/3 - 4*w**2. List the prime factors of p(3).
2, 5
Let b(c) = c**2 - c + 3. Let z be b(4). Let f be (1 - -2)/(-3) - z. What are the prime factors of 22/8 + (-4)/f?
3
Let i(s) be the first derivative of s**3 + s**2 + s - 1. List the prime factors of i(-1).
2
Suppose 3*o - 8 = g - 0*g, o - 4 = 0. Suppose 0 = 3*b - g - 2, 0 = 2*m - 4*b - 6. Suppose -1 = 2*k - m. List the prime factors of k.
3
Let i be ((-4)/(-3))/((-1)/(-3)). Let c(z) = -i*z - z + 4 + 4*z. List the prime factors of c(0).
2
Suppose 2*p - 5 = 3. Suppose g = -2*h + 13, 0 = -2*h - h - p*g + 27. What are the prime factors of ((-2)/(-6))/(h/30)?
2
Suppose -10 = -4*k + 18. Let t = 11 - k. Suppose 2*p + 5*o = 0, -4*p + t*o - o = -52. List the prime factors of p.
2, 5
Let a(g) be the second derivative of -g**3/2 - g**2/2 - g. List the prime factors of a(-7).
2, 5
Suppose -3*j - 64 = 65. List the prime factors of j/(-3) - (-6)/9.
3, 5
Let h = 187 + -48. List the prime factors of h.
139
Let j(r) = 2*r - 7. List the prime factors of j(9).
11
Let g be 20/15*15/(-2). Let q = g - -13. Suppose -2*x + q = -3*p - 16, 4*x + 2*p - 62 = 0. List the prime factors of x.
2, 7
Suppose -3 = 3*s - 15. List the prime factors of 4*1/s*7.
7
Suppose 0 = -4*t - j - 13, t = -0*t - 2*j - 12. Let k = t + 2. Suppose -4*d = -k*d - 8. What are the prime factors of d?
2
Let i(s) = -8*s + 1. Let o be i(-8). Let n be 0 + -1 + (0 - -1). Suppose n*l + o = 5*l. List the prime factors of l.
13
Let s(w) = -w + 11. Let t be s(10). What are the prime factors of (-52)/4*t*-1?
13
Let j be ((-3)/9)/(1/(-3)). Let l(i) = 9*i**3 + 2*i**2 - 1. Let w be l(j). Let v = w + -5. List the prime factors of v.
5
Let t be 1*2*(-3 - -1). Let z(x) = -10*x**2 - 6*x - 16. Let p(y) = -7*y**2 - 4*y - 11. Let d(k) = 7*p(k) - 5*z(k). What are the prime factors of d(t)?
11
Let o(w) be the third derivative of w**4/24 - w**3/6 + w**2. Let a be o(9). Suppose -i = -3*i + a. List the prime factors of i.
2
Suppose 7*j = 5*j + 198. What are the prime factors of j?
3, 11
Let i(p) = 2*p**2 + 3*p + 8. Let v(x) = -x**2 - x - 4. Let m(a) = -4*i(a) - 7*v(a). Let w be m(-4). Suppose -k = -w - 4. List the prime factors of k.
2
Suppose 3*g - 3 = 3*h, -4*g - 2*h = -0*g - 34. Let l(o) = -o**2 + 8*o - 5. What are the prime factors of l(g)?
7
Let l be 2/(-12) - (-46)/(-12). Let f(x) = 2*x**2 + 3*x - 2. What are the prime factors of f(l)?
2, 3
Let q(a) = -3*a**3 - a**2 + 4*a + 1. List the prime factors of q(-5).
331
Suppose 0 = k + 2*p - 285, -3*p - 6 = -9. What are the prime factors of k?
283
Let y be (-14)/35 + 4/10. Suppose y*v + 4 = v. What are the prime factors of v?
2
Suppose 6 = -3*w + 4*a, -w + a - 3 = -2. Let k = -3 - -10. Let g = w + k. What are the prime factors of g?
3
Let n be 4/2 - (-1)/1. Let b(a) = a**3 + 0 + 2*a**n - 3*a + 1 + a**2 + 2*a. List the prime factors of b(1).
2
Suppose 0*o - 2*o + 2 = 0. Let s be (-3)/6 + (-1)/2. List the prime factors of 4 + s - o*-4.
7
Suppose 32 - 272 = -5*m. What are the prime factors of m?
2, 3
Suppose 39*v - 35*v = 32. What are the prime factors of v?
2
Let r(s) be the first derivative of -s**4/4 - 10*s**3/3 - 5*s**2 + 7*s - 2. What are the prime factors of r(-9)?
2
Let n = 84 + -46. What are the prime factors of n?
2, 19
Let a(l) be the third derivative of l**6/120 + l**5/6 + l**4/12 - 4*l**3/3 - 8*l**2. What are the prime factors of a(-9)?
5, 11
Let g(s) = -8*s**3 + 4*s**2 + 2*s - 2. List the prime factors of g(-2).
2, 37
Let g be (0 + 43)*-1 - -2. Let n = g + 58. Suppose -2*t = -n + 3. List the prime factors of t.
7
Let z = 44 - 12. What are the prime factors of z?
2
Let n be 4/(-10) - (-307)/5. Suppose j + 3*s - n = -j, j + s = 31. Suppose -3*m - 2*m - 3*b + 52 = 0, -b + j = 3*m. List the prime factors of m.
11
Suppose 0 = 5*m - 388 - 232. What are the prime factors of m?
2, 31
Let w(o) = o**2 + o - 6. Let r be ((-35)/14)/(1/2). List the prime factors of w(r).
2, 7
Let s = 28 + -17. Let o = -2 - s. What are the prime factors of -1*(o - 3/(-1))?
2, 5
List the prime factors of -86*(-22)/154*(-14)/(-4).
43
Let a be (-35 - 0)*12/(-20). Let u = a - 12. W